e
Does 3 divide 17409975?
True
Does 72 divide 21123023?
False
Is 14 a factor of 18995004?
True
Is 1885 a factor of 55289506?
False
Does 16 divide 635478181?
False
Is 1739821377 a multiple of 7?
True
Is 294052794 a multiple of 42?
True
Is 4 a factor of 83732968?
True
Is 589491698 a multiple of 1322?
True
Does 28 divide 135773076?
False
Does 14 divide 176496259?
False
Is 26 a factor of 56207673?
False
Is 539 a factor of 31056260?
False
Is 58 a factor of 39179024?
False
Is 44467725 a multiple of 15?
True
Does 39 divide 40501522?
False
Does 1326 divide 1720605666?
True
Does 61 divide 3336212?
True
Is 60727841 a multiple of 401?
True
Is 2 a factor of 17826174?
True
Is 16977672 a multiple of 444?
True
Is 258 a factor of 66723006?
False
Is 137 a factor of 148569255?
False
Is 150 a factor of 406886250?
True
Is 3554692 a multiple of 92?
False
Is 16531984 a multiple of 4?
True
Does 148 divide 21855604?
True
Is 39 a factor of 2560471?
False
Is 83 a factor of 20884084?
False
Is 453266520 a multiple of 56?
True
Is 335684948 a multiple of 48?
False
Is 533 a factor of 2697955390?
True
Is 2481 a factor of 39227091?
True
Is 13 a factor of 17237608?
False
Is 366857545 a multiple of 41?
True
Does 1882 divide 85196258?
True
Is 459 a factor of 138834162?
False
Is 238987584 a multiple of 1944?
True
Does 50 divide 5801950?
True
Is 417 a factor of 121800696?
True
Does 1335 divide 18771435?
True
Is 31979675 a multiple of 91?
True
Does 531 divide 609960407?
False
Is 12 a factor of 6480902?
False
Does 12 divide 86678174?
False
Does 30 divide 160919756?
False
Is 21983861 a multiple of 2171?
False
Is 461626902 a multiple of 99?
True
Is 432544943 a multiple of 1188?
False
Does 148 divide 685166488?
False
Is 1628 a factor of 770209369?
False
Is 72 a factor of 40467967?
False
Is 217189968 a multiple of 372?
True
Is 56253884 a multiple of 401?
True
Does 25 divide 580776975?
True
Is 147 a factor of 79958849?
False
Is 8617149 a multiple of 1641?
False
Does 1481 divide 216104544?
False
Does 12 divide 1486446591?
False
Does 480 divide 142210080?
True
Is 7 a factor of 235179490?
True
Does 1452 divide 33337978?
False
Is 6851 a factor of 286728052?
True
Is 19 a factor of 17891502?
True
Does 264 divide 685901635?
False
Does 12 divide 928113768?
True
Is 102245931 a multiple of 343?
False
Is 3701401 a multiple of 16?
False
Is 80 a factor of 372937520?
True
Is 626190924 a multiple of 70?
False
Does 170 divide 55022200?
True
Is 236957 a multiple of 7?
True
Does 193 divide 401742705?
False
Is 3 a factor of 2831923?
False
Is 46385605 a multiple of 245?
True
Does 8 divide 13809088?
True
Does 34 divide 26113734?
True
Is 82 a factor of 2746860?
False
Does 19 divide 4134238?
False
Is 6 a factor of 52403037?
False
Is 425 a factor of 256668550?
True
Does 14 divide 686364338?
False
Is 119 a factor of 223438208?
True
Is 4 a factor of 667139188?
True
Is 870 a factor of 340698957?
False
Is 635307330 a multiple of 1492?
False
Is 134 a factor of 7103485?
False
Is 483 a factor of 531469?
False
Is 20324726 even?
True
Does 16 divide 35528702?
False
Does 770 divide 103009837?
False
Is 26 a factor of 42381508?
True
Is 2809 a factor of 118132789?
False
Is 398278237 a multiple of 18?
False
Is 651295722 a multiple of 148?
False
Is 392579075 a multiple of 15?
False
Is 62039121 a multiple of 457?
True
Is 12 a factor of 1079183962?
False
Does 26 divide 847799420?
True
Is 15960837 a multiple of 2110?
False
Is 1394 a factor of 242245138?
True
Does 16 divide 132592890?
False
Does 13 divide 2693626546?
True
Does 774 divide 1767042?
True
Is 520 a factor of 280908521?
False
Does 1643 divide 2168730426?
True
Is 50880311 a multiple of 2121?
False
Is 750 a factor of 185209728?
False
Does 191 divide 2623767?
True
Does 18 divide 17278235?
False
Is 23 a factor of 1000814755?
True
Is 307536812 a multiple of 418?
True
Does 525 divide 1735359553?
False
Does 25 divide 111763400?
True
Is 476584358 a multiple of 17?
True
Is 62884264 a multiple of 2725?
False
Is 33 a factor of 3051213?
True
Is 445 a factor of 32859245?
True
Does 205 divide 590524435?
True
Does 208 divide 738797280?
True
Does 16 divide 76422902?
False
Is 202 a factor of 4662723?
False
Is 48031136 a multiple of 6?
False
Is 28731125 a multiple of 36?
False
Is 576 a factor of 206430858?
False
Is 2335490557 a multiple of 30?
False
Does 2194 divide 341134379?
False
Is 12089431 a multiple of 7?
False
Is 99 a factor of 603124873?
False
Is 1885668 a multiple of 6?
True
Does 46 divide 1782224?
True
Is 92 a factor of 99791940?
True
Does 233 divide 24120959?
False
Is 83288400 a multiple of 8?
True
Does 38 divide 651170721?
False
Does 113 divide 872242593?
True
Is 5 a factor of 144000224?
False
Is 2815157673 a multiple of 1019?
True
Is 22 a factor of 175574270?
False
Does 193 divide 370942849?
False
Is 65 a factor of 6145915?
False
Is 1248834930 a multiple of 2563?
False
Does 3 divide 41432922?
True
Is 121733760 a multiple of 80?
True
Is 16 a factor of 333615354?
False
Is 55 a factor of 62165372?
False
Is 48 a factor of 829802544?
True
Is 1083 a factor of 198635165?
False
Does 74 divide 34981206?
True
Does 275 divide 19405100?
True
Does 10 divide 2170645115?
False
Is 168489632 a multiple of 52?
False
Is 665646701 a multiple of 242?
False
Does 389 divide 3302428?
False
Does 49 divide 146521809?
True
Does 7 divide 51879644?
False
Is 10 a factor of 117005860?
True
Does 3459 divide 111341751?
True
Is 47900651 a multiple of 289?
False
Is 954837104 a multiple of 52?
True
Is 140826537 a multiple of 9?
True
Does 749 divide 820800638?
True
Is 234792414 a multiple of 120?
False
Does 21 divide 382010361?
False
Does 959 divide 1113794108?
True
Does 177 divide 18750309?
False
Does 86 divide 757276407?
False
Is 332 a factor of 87163781?
False
Does 8 divide 468185640?
True
Is 86983494 a multiple of 2382?
True
Is 650398248 a multiple of 108?
True
Does 81 divide 8389840?
False
Is 95095308 a multiple of 4244?
True
Is 1849751937 a multiple of 11?
True
Is 1513 a factor of 7141189031?
True
Is 6382 a factor of 791948762?
True
Is 103086880 a multiple of 994?
False
Is 2338 a factor of 221295450?
False
Does 16 divide 400304128?
True
Is 1566144292 a multiple of 14?
False
Is 13968375 a multiple of 3?
True
Is 262226342 a multiple of 98?
True
Does 2909 divide 46438166?
False
Does 7478 divide 1175736028?
True
Is 380969150 a multiple of 10?
True
Is 1508841376 a multiple of 38?
True
Is 775 a factor of 4209025?
True
Does 423 divide 116621325?
False
Is 455 a factor of 6396845?
True
Is 35098965 a multiple of 1067?
True
Does 5 divide 1459280?
True
Is 103 a factor of 118105406?
False
Is 1651330482 a multiple of 15?
False
Does 2338 divide 558509301?
False
Is 16121928 a multiple of 2292?
True
Is 456 a factor of 35070150?
False
Is 541419519 a multiple of 5501?
False
Is 583 a factor of 572439808?
False
Is 36799061 a multiple of 2430?
False
Is 17069418 a multiple of 1439?
True
Is 8 a factor of 85914536?
True
Is 3067999 a multiple of 755?
False
Does 7312 divide 3228255312?
True
Is 156 a factor of 872090028?
False
Is 1014205652 a multiple of 124?
False
Is 547326260 a multiple of 73?
True
Does 1738 divide 22254759?
False
Does 331 divide 121961584?
True
Does 719 divide 33056744?
True
Is 251 a factor of 527530915?
False
Is 96 a factor of 20913984?
True
Is 410 a factor of 107640170?
True
Is 294 a factor of 70102034?
False
Does 4 divide 190301500?
True
Is 650 a factor of 26846300?
True
Is 47575115 a multiple of 4?
False
Is 368186983 a multiple of 2549?
False
Is 63 a factor of 8217890?
False
Is 17691123 a multiple of 31?
False
Is 145211918 a multiple of 340?
False
Does 169 divide 306793569?
False
Is 179 a factor of 9900825?
False
Is 286 a factor of 554057645?
False
Is 12 a factor of 106345260?
True
Is 345796876 a multiple of 118?
True
Does 3 divide 57052023?
True
Does 18 divide 103196535?
False
Is 179409384 a multiple of 1512?
True
Does 14 divide 1585529279?
False
Is 279 a factor of 10036188?
True
Is 124172162 a multiple of 2?
True
Does 12 divide 90521916?
True
Is 14 a factor of 8972264?
True
Is 135748 a multiple of 2?
True
Is 621 a factor of 610253314?
False
Does 315 divide 26955684?
False
Is 30181804 a multiple of 19?
True
Is 167142011 a multiple of 78?
False
Does 14 divide 2953318?
False
Is 65 a factor of 983491340?
T